{"id":31,"date":"2017-08-30T12:18:51","date_gmt":"2017-08-30T11:18:51","guid":{"rendered":"http:\/\/zahnarzt-tarp.de\/?page_id=31"},"modified":"2018-05-22T20:18:59","modified_gmt":"2018-05-22T19:18:59","slug":"kompetenz","status":"publish","type":"page","link":"https:\/\/www.zahnarzt-tarp.de\/?page_id=31","title":{"rendered":"Kompetenz"},"content":{"rendered":"<p><strong><span style=\"font-family: tahoma, arial, helvetica, sans-serif;\">Die Zahnmedizin ist unsere Leidenschaft!<\/span><\/strong><\/p>\n<p style=\"text-align: justify;\"><span style=\"font-family: tahoma, arial, helvetica, sans-serif;\">Denn f\u00fcr uns ist sie mehr als ein Beruf, sie ist\u00a0<strong>Berufung.\u00a0<\/strong>Daher streben wir jeden Tag nach dem <strong>perfekten Ergebnis<\/strong>, der gr\u00f6\u00dftm\u00f6glichen <strong>Pr\u00e4zision<\/strong>, der saubersten Arbeit, der <strong>h\u00f6chstm\u00f6glichen Qualit\u00e4t<\/strong>, nach weiterem <strong>Spezialwissen<\/strong>, neuen M\u00f6glichkeiten, nach neuen Methoden und Ger\u00e4ten und\u00a0einer Transparenz unserer Arbeit.<\/span><\/p>\n<p><strong><span style=\"font-family: tahoma, arial, helvetica, sans-serif;\">Unser Wissen ist immer auf dem neuesten Stand!<\/span><\/strong><\/p>\n<p style=\"text-align: justify;\"><span style=\"font-family: tahoma, arial, helvetica, sans-serif;\">Die <strong>Neugierde<\/strong> f\u00fcr alles Technische und der <strong>Wissensdurst<\/strong>, den wir schon immer versp\u00fcrten, spielen uns hier in die H\u00e4nde, sodass wir uns gerne fortbilden und auch unsere Freizeit dazu nutzen, im Austausch mit Kollegen zu sein, Messen, Konferenzen und Vortr\u00e4ge zu besuchen und \u00fcber den Tellerrand zu schauen. Denn wir wissen, dass alle Zahn\u00e4rzte in Deutschland eine gute Ausbildung an der Universit\u00e4t erhalten haben. Da diese aber haupts\u00e4chlich das medizinische Wissen umfasst und sich in der Zahnmedizin st\u00e4ndig alles weiter entwickelt, ist das nicht alles, was ein guter Zahnarzt braucht. Er muss den <strong>aktuellen Wissensstand der Zahnmedizin<\/strong> st\u00e4ndig im Auge behalten und sich <strong>neues\u00a0Wissen<\/strong> aneignen. Wir tun dieses, denn &#8222;Lernen ist wie Rudern gegen den Strom, sobald man aufh\u00f6rt, treibt man zur\u00fcck&#8220; (Benjamin Britten). <\/span><\/p>\n<p><span style=\"font-family: tahoma, arial, helvetica, sans-serif;\"><strong>Wir sind wie Sie: Einzigartig!<\/strong><\/span><\/p>\n<p style=\"text-align: justify;\"><span style=\"font-family: tahoma, arial, helvetica, sans-serif;\">Wir bringen ein hohes Ma\u00df an <strong>Probleml\u00f6sekompetenz<\/strong> und <strong>Erfahrung<\/strong> mit, freuen uns \u00fcber die Arbeit mit den Patienten, stecken mit unserer guten Laune an, sind einf\u00fchlsam und k\u00f6nnen uns jedem Patienten anpassen, sehen die einzelnen und unterschiedlichen Sorgen und N\u00f6te und finden f\u00fcr jeden die passende L\u00f6sung. Dabei hilft uns die Erfahrung unserer t\u00e4glichen Arbeit und der Austausch mit Kollegen, wenn es z.B. um die Wahl des passenden F\u00fcllmaterials geht. In vielen F\u00e4llen der Zahnmedizin gibt es mehrere M\u00f6glichkeiten f\u00fcr ein gutes Ergebnis, oft aber nur eines f\u00fcr diesen speziellen Fall. Anders als in anderen Bereichen der Medizin gibt es nur wenige Studien, die den h\u00f6chsten wissenschaftlichen Anspr\u00fcchen, die wir unserer Arbeit zugrunde legen m\u00f6chten, gen\u00fcgen. Daher verlassen wir uns auf unsere Erfahrung, unsere Kompetenz, unser Spezialwissen und unsere Fortbildungen und ruhen uns dennoch nie darauf aus!\u00a0<\/span><\/p>\n<p><span style=\"font-family: tahoma, arial, helvetica, sans-serif;\"><strong>Wir arbeiten mit einem breiten Netzwerk zusammen!<\/strong><\/span><\/p>\n<p style=\"text-align: justify;\"><span style=\"font-family: tahoma, arial, helvetica, sans-serif;\">F\u00fcr das perfekte Ergebnis sind oft mehrere Experten n\u00f6tig, daher arbeiten wir mit einem Netzwerk von hervorragend ausgebildeten Physiotherapeuten, Zahn\u00e4rzten und \u00c4rzten der unterschiedlichsten Fachrichtungen zusammen.<\/span><\/p>\n<p style=\"text-align: justify;\"><span style=\"font-family: tahoma, arial, helvetica, sans-serif;\">Auf diese Weise k\u00f6nnen wir mit Recht behaupten, f\u00fcr jedes zahnmedizinische Problem Ihr kompetenter Ansprechpartner zu sein, auch wenn wir dabei vielleicht einiges anders machen als Sie es gewohnt sind. Probieren Sie es einfach mal aus! <\/span><\/p>\n<p><span style=\"font-family: tahoma, arial, helvetica, sans-serif;\"><strong>Wir freuen uns auf Sie!<\/strong><\/span><\/p>\n<p>&nbsp;<\/p>\n<p>&nbsp;<\/p>\n<p>&nbsp;<\/p>\n","protected":false},"excerpt":{"rendered":"<p>Die Zahnmedizin ist unsere Leidenschaft! Denn f\u00fcr uns ist sie mehr als ein Beruf, sie ist\u00a0Berufung.\u00a0Daher streben wir jeden Tag nach dem perfekten Ergebnis, der gr\u00f6\u00dftm\u00f6glichen Pr\u00e4zision, der saubersten Arbeit, der h\u00f6chstm\u00f6glichen Qualit\u00e4t, nach weiterem Spezialwissen, neuen M\u00f6glichkeiten, nach neuen &hellip; <a href=\"https:\/\/www.zahnarzt-tarp.de\/?page_id=31\">Weiterlesen <span class=\"meta-nav\">&rarr;<\/span><\/a><\/p>\n","protected":false},"author":1,"featured_media":0,"parent":0,"menu_order":0,"comment_status":"closed","ping_status":"closed","template":"","meta":{"footnotes":""},"class_list":["post-31","page","type-page","status-publish","hentry"],"_links":{"self":[{"href":"https:\/\/www.zahnarzt-tarp.de\/index.php?rest_route=\/wp\/v2\/pages\/31","targetHints":{"allow":["GET"]}}],"collection":[{"href":"https:\/\/www.zahnarzt-tarp.de\/index.php?rest_route=\/wp\/v2\/pages"}],"about":[{"href":"https:\/\/www.zahnarzt-tarp.de\/index.php?rest_route=\/wp\/v2\/types\/page"}],"author":[{"embeddable":true,"href":"https:\/\/www.zahnarzt-tarp.de\/index.php?rest_route=\/wp\/v2\/users\/1"}],"replies":[{"embeddable":true,"href":"https:\/\/www.zahnarzt-tarp.de\/index.php?rest_route=%2Fwp%2Fv2%2Fcomments&post=31"}],"version-history":[{"count":10,"href":"https:\/\/www.zahnarzt-tarp.de\/index.php?rest_route=\/wp\/v2\/pages\/31\/revisions"}],"predecessor-version":[{"id":471,"href":"https:\/\/www.zahnarzt-tarp.de\/index.php?rest_route=\/wp\/v2\/pages\/31\/revisions\/471"}],"wp:attachment":[{"href":"https:\/\/www.zahnarzt-tarp.de\/index.php?rest_route=%2Fwp%2Fv2%2Fmedia&parent=31"}],"curies":[{"name":"wp","href":"https:\/\/api.w.org\/{rel}","templated":true}]}}