{"id":191,"date":"2017-09-19T22:37:19","date_gmt":"2017-09-19T21:37:19","guid":{"rendered":"http:\/\/www.zahnarzt-tarp.de\/?page_id=191"},"modified":"2024-08-11T15:08:13","modified_gmt":"2024-08-11T14:08:13","slug":"das-team","status":"publish","type":"page","link":"https:\/\/www.zahnarzt-tarp.de\/?page_id=191","title":{"rendered":"Unser Team"},"content":{"rendered":"\n<p><span style=\"font-family: tahoma, arial, helvetica, sans-serif;\">&#8230; gliedert sich in f\u00fcnf Teilbereiche. Sie alle verbindet die Freude an ihrer Arbeit, ein gutes Einf\u00fchlungsverm\u00f6gen und das stete Bed\u00fcrfnis Ihnen den Aufenthalt bei uns so angenehm wie m\u00f6glich zu machen. Neben den \u00c4rzten, die wir Ihnen gesondert vorstellen, bilden die Bereiche: Assistenz, Labor, Prophylaxe und die Verwaltung ein Team. Jung und jung geblieben!<\/span><\/p>\n\n\n\n<p><span style=\"text-decoration: underline;\"><span style=\"font-family: tahoma, arial, helvetica, sans-serif;\">Gut gelaunt begleiten Sie die zahnmedizinischen Fachangestellten ins Behandlungszimmer:<\/span><\/span><\/p>\n\n\n\n<div class=\"wp-block-image\"><figure class=\"alignleft\"><img loading=\"lazy\" decoding=\"async\" width=\"300\" height=\"199\" src=\"http:\/\/www.zahnarzt-tarp.de\/wp-content\/uploads\/2017\/09\/DSC_0023-Kopie-300x199.jpg\" alt=\"\" class=\"wp-image-197\" srcset=\"https:\/\/www.zahnarzt-tarp.de\/wp-content\/uploads\/2017\/09\/DSC_0023-Kopie-300x199.jpg 300w, https:\/\/www.zahnarzt-tarp.de\/wp-content\/uploads\/2017\/09\/DSC_0023-Kopie-768x509.jpg 768w, https:\/\/www.zahnarzt-tarp.de\/wp-content\/uploads\/2017\/09\/DSC_0023-Kopie-1024x678.jpg 1024w\" sizes=\"auto, (max-width: 300px) 100vw, 300px\" \/><\/figure><\/div>\n\n\n\n<p><span style=\"font-family: tahoma, arial, helvetica, sans-serif;\">Von rechts nach links sehen Sie auf dem Foto:<\/span><\/p>\n\n\n\n<p><span style=\"font-family: tahoma, arial, helvetica, sans-serif;\">Mimoza Emini, Julia Pedersen und Maren Ryssel.<\/span><\/p>\n\n\n\n<p class=\"has-text-align-left\"><span style=\"font-family: tahoma, arial, helvetica, sans-serif; font-size: 12pt;\">Nicht auf dem Foto:<\/span><br><span style=\"font-family: tahoma, arial, helvetica, sans-serif; font-size: 12pt;\">Maike Lassen-Bensing<\/span>, Carolin Luxenburger, Laura Jaspersen<\/p>\n\n\n\n<p><\/p>\n\n\n\n<p><span style=\"text-decoration: underline;\">Mit viel Spa\u00df arbeiten im Labor f\u00fcr Sie :  Inga Friedrichsen :<\/span><\/p>\n\n\n\n<p><span style=\"font-family: tahoma, arial, helvetica, sans-serif;\"> <\/span><\/p>\n\n\n\n<div class=\"wp-block-group\"><div class=\"wp-block-group__inner-container is-layout-flow wp-block-group-is-layout-flow\">\n<p><\/p>\n\n\n\n<h2 class=\"wp-block-heading\" style=\"font-size:19px\">Unsere Prophylaxespezialistinnen:<\/h2>\n\n\n\n<p><\/p>\n<\/div><\/div>\n\n\n\n<p><\/p>\n\n\n\n<p><span style=\"text-decoration: underline;\"><span style=\"font-family: tahoma, arial, helvetica, sans-serif;\"><span style=\"font-family: tahoma, arial, helvetica, sans-serif;\">An der Anmeldung begr\u00fc\u00dft Sie unter der Leitung von unserer Praxismanagerin Sandra Nissen Sch\u00fctt <\/span><\/span><\/span>: <\/p>\n\n\n\n<p><span style=\"font-family: tahoma, arial, helvetica, sans-serif;\">Denise Lyttwin, Heike Alsen-Abild, Daniela M\u00f6ller<\/span> und Ronja Balow<\/p>\n","protected":false},"excerpt":{"rendered":"<p>&#8230; gliedert sich in f\u00fcnf Teilbereiche. Sie alle verbindet die Freude an ihrer Arbeit, ein gutes Einf\u00fchlungsverm\u00f6gen und das stete Bed\u00fcrfnis Ihnen den Aufenthalt bei uns so angenehm wie m\u00f6glich zu machen. Neben den \u00c4rzten, die wir Ihnen gesondert vorstellen, &hellip; <a href=\"https:\/\/www.zahnarzt-tarp.de\/?page_id=191\">Weiterlesen <span class=\"meta-nav\">&rarr;<\/span><\/a><\/p>\n","protected":false},"author":1,"featured_media":0,"parent":11,"menu_order":0,"comment_status":"closed","ping_status":"closed","template":"","meta":{"footnotes":""},"class_list":["post-191","page","type-page","status-publish","hentry"],"_links":{"self":[{"href":"https:\/\/www.zahnarzt-tarp.de\/index.php?rest_route=\/wp\/v2\/pages\/191","targetHints":{"allow":["GET"]}}],"collection":[{"href":"https:\/\/www.zahnarzt-tarp.de\/index.php?rest_route=\/wp\/v2\/pages"}],"about":[{"href":"https:\/\/www.zahnarzt-tarp.de\/index.php?rest_route=\/wp\/v2\/types\/page"}],"author":[{"embeddable":true,"href":"https:\/\/www.zahnarzt-tarp.de\/index.php?rest_route=\/wp\/v2\/users\/1"}],"replies":[{"embeddable":true,"href":"https:\/\/www.zahnarzt-tarp.de\/index.php?rest_route=%2Fwp%2Fv2%2Fcomments&post=191"}],"version-history":[{"count":43,"href":"https:\/\/www.zahnarzt-tarp.de\/index.php?rest_route=\/wp\/v2\/pages\/191\/revisions"}],"predecessor-version":[{"id":933,"href":"https:\/\/www.zahnarzt-tarp.de\/index.php?rest_route=\/wp\/v2\/pages\/191\/revisions\/933"}],"up":[{"embeddable":true,"href":"https:\/\/www.zahnarzt-tarp.de\/index.php?rest_route=\/wp\/v2\/pages\/11"}],"wp:attachment":[{"href":"https:\/\/www.zahnarzt-tarp.de\/index.php?rest_route=%2Fwp%2Fv2%2Fmedia&parent=191"}],"curies":[{"name":"wp","href":"https:\/\/api.w.org\/{rel}","templated":true}]}}

<p><span style="font-family: tahoma, arial, helvetica, sans-serif;">&#8230; gliedert sich in fünf Teilbereiche. Sie alle verbindet die Freude an ihrer Arbeit, ein gutes Einfühlungsvermögen und das stete Bedürfnis Ihnen den Aufenthalt bei uns so angenehm wie möglich zu machen. Neben den Ärzten, die wir Ihnen gesondert vorstellen, bilden die Bereiche: Assistenz, Labor, Prophylaxe und die Verwaltung ein Team. Jung und jung geblieben!</span></p>



<p><span style="text-decoration: underline;"><span style="font-family: tahoma, arial, helvetica, sans-serif;">Gut gelaunt begleiten Sie die zahnmedizinischen Fachangestellten ins Behandlungszimmer:</span></span></p>



<div class="wp-block-image"><figure class="alignleft"><img loading="lazy" decoding="async" width="300" height="199" src="http://www.zahnarzt-tarp.de/wp-content/uploads/2017/09/DSC_0023-Kopie-300x199.jpg" alt="" class="wp-image-197" srcset="https://www.zahnarzt-tarp.de/wp-content/uploads/2017/09/DSC_0023-Kopie-300x199.jpg 300w, https://www.zahnarzt-tarp.de/wp-content/uploads/2017/09/DSC_0023-Kopie-768x509.jpg 768w, https://www.zahnarzt-tarp.de/wp-content/uploads/2017/09/DSC_0023-Kopie-1024x678.jpg 1024w" sizes="auto, (max-width: 300px) 100vw, 300px" /></figure></div>



<p><span style="font-family: tahoma, arial, helvetica, sans-serif;">Von rechts nach links sehen Sie auf dem Foto:</span></p>



<p><span style="font-family: tahoma, arial, helvetica, sans-serif;">Mimoza Emini, Julia Pedersen und Maren Ryssel.</span></p>



<p class="has-text-align-left"><span style="font-family: tahoma, arial, helvetica, sans-serif; font-size: 12pt;">Nicht auf dem Foto:</span><br><span style="font-family: tahoma, arial, helvetica, sans-serif; font-size: 12pt;">Maike Lassen-Bensing</span>, Carolin Luxenburger, Laura Jaspersen</p>



<p></p>



<p><span style="text-decoration: underline;">Mit viel Spaß arbeiten im Labor für Sie :  Inga Friedrichsen :</span></p>



<p><span style="font-family: tahoma, arial, helvetica, sans-serif;"> </span></p>



<div class="wp-block-group"><div class="wp-block-group__inner-container is-layout-flow wp-block-group-is-layout-flow">
<p></p>



<h2 class="wp-block-heading" style="font-size:19px">Unsere Prophylaxespezialistinnen:</h2>



<p></p>
</div></div>



<p></p>



<p><span style="text-decoration: underline;"><span style="font-family: tahoma, arial, helvetica, sans-serif;"><span style="font-family: tahoma, arial, helvetica, sans-serif;">An der Anmeldung begrüßt Sie unter der Leitung von unserer Praxismanagerin Sandra Nissen Schütt </span></span></span>: </p>



<p><span style="font-family: tahoma, arial, helvetica, sans-serif;">Denise Lyttwin, Heike Alsen-Abild, Daniela Möller</span> und Ronja Balow</p>

<p>&#8230; gliedert sich in fünf Teilbereiche. Sie alle verbindet die Freude an ihrer Arbeit, ein gutes Einfühlungsvermögen und das stete Bedürfnis Ihnen den Aufenthalt bei uns so angenehm wie möglich zu machen. Neben den Ärzten, die wir Ihnen gesondert vorstellen, &hellip; <a href="https://www.zahnarzt-tarp.de/?page_id=191">Weiterlesen <span class="meta-nav">&rarr;</span></a></p>
