{"id":11,"date":"2017-08-30T09:35:28","date_gmt":"2017-08-30T08:35:28","guid":{"rendered":"http:\/\/zahnarzt-tarp.de\/?page_id=11"},"modified":"2020-12-16T22:45:37","modified_gmt":"2020-12-16T21:45:37","slug":"wir-ueber-uns","status":"publish","type":"page","link":"https:\/\/www.zahnarzt-tarp.de\/?page_id=11","title":{"rendered":"Wir \u00fcber uns"},"content":{"rendered":"<p style=\"text-align: justify;\"><span style=\"font-family: tahoma, arial, helvetica, sans-serif;\">Wir sind ein inhabergef\u00fchrtes MVZ und unser Team ist jung und jung geblieben, dynamisch, stets herzlich und versucht Ihnen mit Kompetenz, \u00a0guter Laune und Einf\u00fchlungsverm\u00f6gen den Praxisaufenthalt so angenehm wie m\u00f6glich zu machen. In klassischen <a href=\"http:\/\/www.zahnarzt-tarp.de\/?page_id=343\">R\u00e4umen<\/a> versorgen wir Sie mit einer hochmodernen <a href=\"http:\/\/www.zahnarzt-tarp.de\/?page_id=365\">Ausstattung<\/a>.<\/span><\/p>\n<p><span style=\"font-family: tahoma, arial, helvetica, sans-serif;\">Gemeinsam mit den <a href=\"http:\/\/www.zahnarzt-tarp.de\/?page_id=209\">\u00c4rzten<\/a>, bilden wir ein\u00a0<a href=\"http:\/\/www.zahnarzt-tarp.de\/?page_id=191\">Team<\/a>! <\/span><\/p>\n<p><span style=\"font-family: tahoma, arial, helvetica, sans-serif;\"><strong>Denn wir bauen auf Teamarbeit!<\/strong><\/span><\/p>\n","protected":false},"excerpt":{"rendered":"<p>Wir sind ein inhabergef\u00fchrtes MVZ und unser Team ist jung und jung geblieben, dynamisch, stets herzlich und versucht Ihnen mit Kompetenz, \u00a0guter Laune und Einf\u00fchlungsverm\u00f6gen den Praxisaufenthalt so angenehm wie m\u00f6glich zu machen. In klassischen R\u00e4umen versorgen wir Sie mit &hellip; <a href=\"https:\/\/www.zahnarzt-tarp.de\/?page_id=11\">Weiterlesen <span class=\"meta-nav\">&rarr;<\/span><\/a><\/p>\n","protected":false},"author":1,"featured_media":0,"parent":0,"menu_order":0,"comment_status":"closed","ping_status":"closed","template":"","meta":{"footnotes":""},"class_list":["post-11","page","type-page","status-publish","hentry"],"_links":{"self":[{"href":"https:\/\/www.zahnarzt-tarp.de\/index.php?rest_route=\/wp\/v2\/pages\/11","targetHints":{"allow":["GET"]}}],"collection":[{"href":"https:\/\/www.zahnarzt-tarp.de\/index.php?rest_route=\/wp\/v2\/pages"}],"about":[{"href":"https:\/\/www.zahnarzt-tarp.de\/index.php?rest_route=\/wp\/v2\/types\/page"}],"author":[{"embeddable":true,"href":"https:\/\/www.zahnarzt-tarp.de\/index.php?rest_route=\/wp\/v2\/users\/1"}],"replies":[{"embeddable":true,"href":"https:\/\/www.zahnarzt-tarp.de\/index.php?rest_route=%2Fwp%2Fv2%2Fcomments&post=11"}],"version-history":[{"count":15,"href":"https:\/\/www.zahnarzt-tarp.de\/index.php?rest_route=\/wp\/v2\/pages\/11\/revisions"}],"predecessor-version":[{"id":712,"href":"https:\/\/www.zahnarzt-tarp.de\/index.php?rest_route=\/wp\/v2\/pages\/11\/revisions\/712"}],"wp:attachment":[{"href":"https:\/\/www.zahnarzt-tarp.de\/index.php?rest_route=%2Fwp%2Fv2%2Fmedia&parent=11"}],"curies":[{"name":"wp","href":"https:\/\/api.w.org\/{rel}","templated":true}]}}